is 4 - 3 - 9 - -7?
-1
What is -12 - -24 - 0 - 13?
-1
Evaluate 4 + 1 - 2 - 2.
1
What is -2 + -5 + (-4 - -8)?
-3
Calculate (-1 - (2 + -6)) + -8.
-5
Calculate -2 - (2 + 0 + -4 + -1).
1
What is (5 - 1) + 0 + 1?
5
What is the value of -2 + 2 + 1 + 5 + 1?
7
38 - 36 - (2 - -5)
-5
(-6 - 0) + (-50 - -55)
-1
What is the value of 4 + (-2 - (-2 + 7)) + -5?
-8
Calculate 8 + (-10 - 3) + 5.
0
-5 + 0 + 0 - (4 - 4)
-5
-53 - -58 - (-1 - -1)
5
Evaluate (-10 - (-11 - 5)) + -4.
2
Calculate 8 - (0 + -7 + 20).
-5
What is the value of -6 + 4 + -4 - -4?
-2
Evaluate 8 - 2 - (6 - -6 - 2).
-4
-9 + (24 + -2 - 15)
-2
Calculate 16 + -10 + 4 + -19.
-9
What is (-1 - (-3 + -1)) + (-1 - 0)?
2
What is -4 + 0 + (4 - 10) + 4?
-6
Calculate 10 + -17 + 12 + (-1 - 0).
4
2 - (5 + (2 + -1 - 3))
-1
What is the value of -3 + (6 - 4) + -3?
-4
-9 + (9 - 1 - -3)
2
What is the value of 0 + (0 - -6 - (4 - 0))?
2
What is the value of -11 + (4 - 9) + 8?
-8
Evaluate -3 + (-14 - (10 + -20)).
-7
What is the value of (2 - -1) + (-4 - -1)?
0
What is -10 + -1 + -2 + 4?
-9
What is 2 + -6 + 10 + -3?
3
Evaluate (-4 - (3 - 7)) + (-3 - 0).
-3
Evaluate 1 + -2 - -3 - -1.
3
Evaluate -8 + 6 - (1 - (4 - 7)).
-6
(-3 - 1) + 2 + 4
2
What is 6 + -8 + -4 + 4?
-2
(1 - -6) + (2 - 3) + -6
0
Calculate -4 + 0 - (-3 + -5 + 7).
-3
Calculate -3 + 3 + -10 - -7.
-3
What is -4 + (1 - -1 - -2 - 3)?
-3
9 + (-4 - 0) - 8
-3
Evaluate 101 - 85 - (-2 + 10).
8
Evaluate (-4 + -2 - 3) + 5.
-4
-3 + 0 + (6 - -10) + -6
7
What is the value of -56 + 60 - (7 + 1)?
-4
Evaluate -3 - -2 - (9 + -12 + 10).
-8
Calculate 6 + -23 + 13 - -11.
7
What is the value of 0 + -2 - (2 - 5 - 2)?
3
What is the value of 4 - (-8 - (6 + -32) - 4)?
-10
Calculate (3 - (-10 + 6)) + -5.
2
What is the value of 0 - (10 + -8 + -3)?
1
What is (-10 - (-10 + -14)) + -20?
-6
Calculate (-7 - (-8 + 1)) + -2.
-2
Calculate -9 + (-9 + 4 - -12).
-2
Evaluate (-2 - -6) + (-1 - 1) + -7.
-5
What is the value of 4 + (1 - 7) + 1?
-1
Evaluate -8 - (-4 + (4 - (-1 + 4))).
-5
Calculate -4 + 1 + -14 + 17.
0
What is 2 - (9 - 2 - 0)?
-5
Calculate (0 - 0 - -3) + 1 + 1.
5
Evaluate (-8 - -9) + -3 + 6.
4
1 + -2 + 1 - (14 + -11)
-3
Calculate -4 - (-7 - -5) - -5.
3
Evaluate 16 + -6 + -4 + -1.
5
What is the value of 0 + 8 + 1 + -10?
-1
What is (-6 - -3) + (-3 - (-1 + -1))?
-4
What is (4 - (-7 + 4) - 4) + -1?
2
Calculate (-37 + 17 - -17) + 10 + -1.
6
What is -10 - (15 + -13 - 12)?
0
Evaluate (0 + -7 - -15) + -2.
6
Evaluate -3 - (-5 - (-3 - -4)).
3
Calculate -3 + 16 - (15 + (5 - 17)).
10
(1 - -4) + -6 + -2
-3
Evaluate -1 + 1 + 5 - 8.
-3
What is the value of -3 + 5 + (5 - 7) + -1?
-1
What is 1 + 4 + -2 + (2 - 0)?
5
What is 9 + 7 + 0 + -13?
3
10 + -3 + (-7 - -3) - -5
8
-8 + ((0 - 2) + 4 - 0)
-6
What is the value of 7 + -11 - (-2 - 3)?
1
What is (1 - 12) + (12 - (15 - 6))?
-8
What is (6 + -6 - -7) + -5?
2
(2 - -1) + (-3 - -1 - -1)
2
What is the value of -38 - -49 - (3 + 0 - -1)?
7
5 + -3 - 5 - -8
5
What is 4 - (7 - 0 - 3) - 0?
0
Evaluate 5 - (-9 + 3 + 11).
0
What is -61 + 55 + 8 + 0?
2
What is -3 + 9 + -4 + 0 - 5?
-3
Calculate 1 + 10 + -8 - (-1 - 1).
5
What is the value of (-8 - 1) + -3 + -1 + 8?
-5
Evaluate 7 + -2 + (0 - 4).
1
What is the value of -2 - -14 - (7 + -5 - -5)?
5
Evaluate 2 - 8 - (-4 - -1 - 2).
-1
Evaluate (-1 - -1) + 0 + (-3 - -5).
2
-6 + 1 - (-3 + 4 + -2)
-4
What is the value of -1 + (-4 - -3 - 0)?
-2
What is the value of 7 + (-11 - -9) - 2?
3
Evaluate 0 + 4 - (3 + 5).
-4
Calculate -1 - (-2 + 0 + 1 + -1).
1
Calculate (4 - (0 - 0 - 5)) + -5.
4
Evaluate 16 + (-17 - (4 + -11)).
6
-1 + -2 - 6 - (0 - 7)
-2
What is the value of -3 + 2 + 6 + -10?
-5
Evaluate 1 + 4 + -1 + -6 + 1.
-1
What is the value of -28 + 25 - (-6 + 2)?
1
Evaluate (-2 - (1 + -1)) + -2.
-4
Evaluate -3 + 8 + -5 - (-23 - -27).
-4
Evaluate 139 - 150 - (-1 + -8).
-2
Calculate 1 - 6 - (-4 - 15 - -9).
5
-3 - (-10 - -11 - 5)
1
What is the value of -4 + 4 + -1 + -2 + 4?
1
What is 2 + -1 + -3 - (-6 + 8)?
-4
-8 + (-5 - (-1 - 10)) - 3
-5
What is the value of 0 + 4 + -6 + 3?
1
Calculate -2 - (5 + -8) - (0 - -2).
-1
What is the value of -1 - (1 - 2 - -4)?
-4
Calculate -8 - (-4 + (-3 - -3)).
-4
Calculate -12 + 15 - (1 - 0).
2
Evaluate (-2 - -1) + -1 + 4.
2
Calculate -14 + 23 + -10 - 3.
-4
What is -4 + 2 - (-30 + 30) - 0?
-2
Evaluate (1 + (-3 - 0) - -4) + -1.
1
What is the value of -1 + (-6 + 7 - (-2 - 0))?
2
8 + (-6 - (2 + -7))
7
What is (-14 - (-7 - -8)) + 9?
-6
What is the value of (0 - 12) + 6 + 0?
-6
What is the value of -3 + 6 + 3 + -5?
1
(4 - (-3 - 0)) + -11 + 12
8
What is -10 + 12 + (-1 - 1)?
0
-3 - (-8 - (-14 - -8))
-1
What is 3 + 4 - (2 + -1 + 2)?
4
Evaluate (-1 - (7 - 1)) + 2 + 3.
-2
What is 2 + -4 + 0 + -6 + 13?
5
Evaluate 2 - 1 - (-9 + 5 - -8).
-3
What is 3 + -1 + 10 - 11?
1
What is the value of (2 + 0 - 3) + (4 - 1)?
2
What is 44 - 42 - (-2 - (-4 + 1))?
1
Evaluate -5 - (1 + -5) - -7 - 1.
5
What is the value of 2 + (3 - 9) + (5 - 2)?
-1
(0 + 3 - (5 + -1)) + 3
2
Calculate (-1 - (2 - 3)) + (25 - 15).
10
10 - (16 - 14) - -2
10
Calculate -12 + (1 - -9 - 2).
-4
(5 + 4 - 5) + (-9 - -6)
1
What is the value of -2 - (3 + (4 - 16 - -3))?
4
Evaluate 0 + -4 - -3 - -2.
1
1 - -1 - (3 + -7 + 9)
-3
Calculate 1 + -4 + -3 + 4 - -5.
3
Evaluate -6 - (-12 - 2 - -9).
-1
3 - 0 - (1 - 0)
2
What is -65 - -73 - (11 - 0)?
-3
Calculate 1 - (8 - (2 + 0)).
-5
Evaluate -2 - 1 - ((-1 - -4) + -2).
-4
Calculate (2 - 1) + 5 + -8.
-2
Evaluate -5 - (4 - 1 - (-10 - -12)).
-6
-1 + (-1 + 3 - 3) + -2
-4
What is 8 + -30 - -5 - -8?
-9
Evaluate (17 - 5) + (-20 - -2).
-6
What is the value of -1 + (-4 - (-4 + 3 + -4))?
0
Evaluate 4 - (7 + 3 - 10).
4
Evaluate 4 - (-7 + 16) - (-1 - 2).
-2
Evaluate -4 + (1 - 2 - (1 - 4)).
-2
What is the value of 3 + (4 - (4 - 0))?
3
What is the value of -6 - (-2 + (4 - 4))?
-4
-4 + (-2 - 1 - -6)
-1
Evaluate -1 + -1 + (2 - -2).
2
What is 2 + 7 + (3 + -2 - 5)?
5
What is 3 + -9 + 1 + -10 + 15?
0
What is 5 - (4 - 6) - 8?
-1
What is (6 - 8 - 0) + 0?
-2
Evaluate (-3 - -2 - -1) + -5.
-5
(3 - 15) + 5 - -7
0
Calculate (61 - 66) + 0 + 7.
2
What is the value of -9 + 11 - (-2 + -2)?
6
1 + -1 - (7 + -8 - -2)
-1
Evaluate 3 - (2 - (-6 + 3)) - -6.
4
What is (3 - 4) + -2 - (3 + -5)?
-1
What is (-5 - (-1 - 0)) + 21 + -18?
-1
What is the value of (4 - 0 - 15) + 4 - -3?
-4
What is the value of (-15 - -17) + 1 + 1 + -9?
-5
-6 - (0 - 8) - 4
-2
What is the value of 5 + 7 + -10 - 2 - -5?
5
9 + 3 + -13 - 6
-7
Evaluate (-5 - 3) + 4 + -1 + 2.
-3
What is the value of -3 - 1 - (0 + (0 - -6))?
-10
What is 50 + -43 + -3 + 0 + 1?
5
Calculate 0 + 5 + 1 - (19 - 18).
5
What is the value of 2 - (-3 - (-4 + -2)) - -3?
2
Calculate -5 - -2 - 7 - -4.
-6
Calculate -92 + 97 + (-10 - 1) + -2.
-8
Calculate (8 - 7 - 9) + 5.
-3
Calculate -5 + (2 - 4 - -2).
-5
Calculate (3 + -4 + -2 - -5) + -2.
0
What is -7 - (-5 - (11 - 7 - 3))?
-1
Evaluate 0 - (1 - -2 - (7 + -3)).
1
Evaluate (3 + -15 - -8) + 10.
6
Calculate 19 + -9 + 1 + -4.
7
Calculate 2 + 0 - (2 + -3).
3
8 - (13 - 10) - 9
-4
0 + (7 - 7 - 3)
-3
What is -3 + 5 + -3 - (2 - 8)?
5
-3 - (-2 - (1 + -2 - -4))
2
What is the value of -1 - 5 - -18 - (8 - 2)?
6
Evaluate -25 - -18 - (-5 + 4) - 0.
-6
(-3 - -3) + 0 + (3 - 2)
1
5 - (-10 - (-13 - -6))
8
What is the value of -4 - (3 + (-2 - -3) + -7)?
-1
Calculate (-2 + 4 - 3) + 1 - -2.
2
-6 - (6 + -6) - 4
-10
What is the value of 9 + -11 + -2 + -3?
-7
(-4 - -4) + 2 + 3 + -3
2
Evaluate (-3 - -3) + -8 + 3 + 5.
0
What is the value of 7 - (-4 - (-8 - -3) - -2)?
4
Evaluate -5 - (-4 + (5 - 2)).
-4
-14 - (3 + (-7 - 5))
-5
What is -12 + 1 - (-18 + 11)?
-4
What is the value of -5 + (-4 - -7) + 5?
3
Evaluate (2 - 7 - -4) + (-3 - -2).
-2
9 + -2 + -6 + -3
-2
10 - 0 - (36 + -19)
-7
Evaluate 7 + (-5 - 0) + -7.
-5
What is 4 - ((4 - 3 - -2) + 2)?
-1
What is (5 - -4) + -10 - (1 - 3)?
1
Calculate 3 - (6 - (0 + -4 - -3)).
-4
What is the value of 8 - 15 - (-9 - 3)?
5
What is the value of 0 - (1 + 3 - 2) - 1?
-3
Evaluate -12 + 6 + 9 + (-9 - -3).
-3
Evaluate 1 + 1 - (4 + 1).
-3
-1 + 0 + 0 + 5
4
Calculate 2 + -6 - -1 - -4 - 5.
-4
-1 + 2 + -1 + -3 + -2
-5
What is 4 + -6 - (-2 + (-1 - -1))?
0
What is (20 - 20) + -1 + 0?
-1
What is the value of 16 + -20 - (1 + -4)?
-1
What is 5 + -8 + 7 + 1?
5
What is -7 + (-4 + 3 - -5 - -1)?
-2
Evaluate 5 - (11 + 2) - -3.
-5
Evaluate -4 + 7 + (-3 - 0 - -2).
2
Calculate 9 + -1 - 4 - 8 - -1.
